(-7 - -4) + -6 + 2 + 3?
-4
3 + (-5 + 8 - 10)
-4
4 + -2 + 0 + 1 - 0
3
5 - (-6 + 9) - -5
7
What is (-10 + 6 - -15) + -6?
5
Calculate -12 + 11 + (-1 - -3).
1
1 - (-7 + 8 + 4)
-4
What is the value of -2 + -1 + (2 - -4) + -5?
-2
Evaluate -3 - (3 + -5 + 8).
-9
-4 + 4 - (0 - -3)
-3
What is (-6 - (-3 + -1)) + -2?
-4
Calculate (-1 - -4) + (2 - -6) + -12.
-1
Calculate -5 - (1 + 6 + -14).
2
-3 + 0 - (13 - (7 - -13))
4
Calculate (0 - -1) + (-4 - -2 - 2).
-3
Evaluate (0 - 1) + 0 + -2 - -3.
0
Calculate (6 - -13 - 13) + 1 + -1.
6
Evaluate (-4 - (-2 + 1)) + 4.
1
What is 6 - 16 - -7 - (-2 + 3)?
-4
What is -2 + (4 - (0 - -2))?
0
Evaluate 8 - (-3 + (2 - 4) + 9).
4
What is the value of 2 - 4 - (3 - (8 + -6))?
-3
What is the value of -4 + (7 - 1) - (-2 - -1)?
3
-3 + 13 - (33 - 23)
0
What is the value of (-7 + 8 - 5) + 7?
3
Evaluate (6 + -4 - 2 - 3) + 2.
-1
(-3 - -4) + (0 - 0)
1
-3 + 7 - (1 - 1)
4
What is the value of (-3 - -4) + (-2 - -2)?
1
5 - ((0 - -24) + -12)
-7
10 - (8 + -12 - (1 - 9))
6
What is the value of -5 - -4 - (-1 + 1 + -3)?
2
Evaluate 8 - (16 + -12 - 3).
7
What is 1 - (-1 - -2) - -5?
5
What is 0 + 2 - 3 - -6?
5
0 + 0 - (-14 - -10)
4
Evaluate -13 + 16 + -2 - (5 + -1).
-3
What is 1 + (10 + -7 - 4)?
0
-7 - (-11 - (-6 + 1))
-1
What is -9 + 12 + (-5 + 3 - 2)?
-1
-5 + (4 - -4) + 1
4
What is 2 + (6 - (4 + 4 - 5))?
5
Evaluate (3 - (3 - (1 - 2))) + 1.
0
(-5 - -6 - 9) + 3
-5
What is the value of -2 - (-2 - 0) - 3?
-3
1 + -1 + (9 - (-2 + 12))
-1
Evaluate (-1 - -6 - (23 - 8)) + 6.
-4
What is the value of -31 + 22 + 11 + (0 - 8)?
-6
(-11 - 4 - (-2 - 3)) + 6
-4
Calculate (-2 + 4 - 1) + 5 + -4.
2
Evaluate 0 - (-1 + 0 + 0).
1
What is the value of 2 + (8 - 8) - -5?
7
Calculate -24 + 10 + 13 - -6.
5
What is the value of -2 - ((1 - 0) + -2) - -8?
7
What is -3 + (1 - (-4 + 3)) + 1?
0
Calculate 3 - -11 - (11 + -1).
4
Evaluate (-4 - (5 + -7)) + 9.
7
What is the value of -7 + 8 + 3 + 0?
4
Calculate 0 - (1 - 0 - -5) - 0.
-6
What is the value of 2 + -4 + 4 - 3?
-1
2 + (-1 + 4 - (-6 + 19))
-8
Evaluate 1 - (2 - (2 - -2 - 2)).
1
What is the value of (-5 - (2 + -1)) + (-226 - -229)?
-3
What is -4 + -6 - (-4 + 0)?
-6
What is -3 - (3 + 2 + -2 + -1)?
-5
Calculate -9 + 0 + 6 + -2.
-5
-5 + -1 + 6 + -6 + 1
-5
What is (4 - 0 - 0) + -9 + 10?
5
What is the value of 0 - (4 + -6 - (1 + 0))?
3
What is -6 + (-6 - -6) + 5?
-1
What is the value of (-2 - -8) + 7 + -18?
-5
Calculate -6 + (14 - 6 - 0).
2
0 - ((0 - -7 - -1) + -4)
-4
Evaluate 5 + -1 + (-2 - (-1 + 0)).
3
-3 - (14 - (4 + 7))
-6
What is the value of 1 - (10 - 1 - 6)?
-2
Calculate 1 - (-4 + 2) - (-93 - -89).
7
-7 - (-7 + 3 + 1)
-4
What is (-85 - -85) + (0 - (1 - -3))?
-4
What is 5 - (-3 + -2 + 5)?
5
(-6 - -10) + 3 + 0 + -15
-8
Evaluate -56 + 55 + 3 + 0.
2
Evaluate -4 - 1 - (3 - 5 - 2).
-1
What is the value of (-3 - 7) + 2 + 2 + 3?
-3
Calculate 9 - 4 - 1 - 7.
-3
(2 + 2 - 0) + -3
1
Evaluate 2 + -1 + -1 - (1 - -1).
-2
What is -1 + (2 - (-5 + 3)) + -2?
1
Evaluate -52 + 44 + (-1 - -3).
-6
-8 + (-2 - 1) + 4 - -3
-4
Evaluate 59 + -63 + (10 - -1).
7
Evaluate (2 + -4 + 6 - 2) + 2.
4
5 - (4 - (-13 - -5 - -5))
-2
Calculate (0 + 0 - -1) + 2 + -1.
2
What is 7 + (1 - 2) + (-3 - -4)?
7
What is (16 - (13 + -3)) + (-2 - 0)?
4
What is the value of 6 - (-1 + 2 + 2 + -3)?
6
Evaluate -4 + (-7 - -3 - -4).
-4
Evaluate (5 + 1 - (4 - -1)) + 4.
5
Calculate (1 + 6 - 5) + 0 + -4.
-2
Calculate 1 + (2 - -3) + (0 - 1).
5
What is the value of (-5 - (-3 + 1)) + -2?
-5
What is -3 + -3 + (-1 - -8)?
1
What is -6 + (6 - 6) - -6?
0
Evaluate 3 + 0 + -2 + -1.
0
4 + -6 + 3 - (8 + -8)
1
What is the value of 6 - ((28 - 11) + -10)?
-1
What is 0 + (0 - 0) + -10 + 6?
-4
What is the value of 6 + -4 - 3 - 4?
-5
Calculate (5 - (1 - (5 + -5))) + -3.
1
What is 1 + -2 + (-3 - -4) + -2?
-2
Calculate (-2 - (-2 + -3)) + (-33 - -24).
-6
What is the value of (5 - 5) + -6 - -5?
-1
0 - 14 - (-6 + 0 + 0)
-8
Calculate -3 - ((-1 - -1 - 1) + -5).
3
0 + 3 + 0 - -1 - 9
-5
What is the value of -4 + ((-3 - -11) + 1 - 7)?
-2
What is -2 + (3 - (-1 - -1)) - 0?
1
6 + -7 + 0 + 4
3
Evaluate -2 - -2 - ((-1 - -10) + -15).
6
What is 5 + 1 + (-4 - 3) + 0?
-1
3 + (0 - 3 - 4)
-4
Evaluate (3 - (-1 + 1)) + (-27 - -24).
0
Evaluate 10 - (6 + (0 - 4)).
8
8 + -11 - (-1 - -3)
-5
What is -1 + (-10 - -5) + -3 + 2?
-7
What is -2 + -8 - (5 - 5)?
-10
(27 - 16) + (1 - 15)
-3
What is (-7 - (-3 - -1)) + (6 - 1)?
0
What is 8 - (3 + -3) - (10 + -8)?
6
Evaluate (-6 - 1) + 5 + -2 + 12.
8
Calculate 2 + (5 - 0) + -2.
5
Evaluate 0 - -5 - (-75 - -81).
-1
Calculate -3 + (-1 - -8) + -10.
-6
What is (7 - -2 - 8) + 1 + -4?
-2
Evaluate (-2 - (0 + 1 - 9)) + -3.
3
Calculate -1 + (-7 - -7) + (4 - -1).
4
1 + 2 + (-7 - (-6 + 1))
1
Calculate -30 + 29 + (4 + -2 - -2).
3
(3 + -3 - (-2 - 0)) + -3
-1
What is 1 + -1 + (1 - 2)?
-1
Evaluate -59 - -62 - (12 + 1).
-10
-4 + -2 - (-6 - (-6 - -3))
-3
Evaluate 7 + (2 - 8) + -1.
0
What is the value of 3 + (2 - 1) - 9?
-5
Evaluate (1 - -2) + -6 - (-1 - -2).
-4
What is 5 + -1 + -4 + 3 + -3?
0
Calculate (-6 - 0) + 0 + -1 + 2.
-5
What is the value of -1 - (2 - 5 - -13)?
-11
What is the value of -1 + (3 - 3 - -2 - -1)?
2
Evaluate (-1 - 1) + -3 + -2.
-7
6 - (4 - (-10 - -2))
-6
What is (-17 - -14) + 1 + 0 + 3?
1
Calculate 1 + (1 - 1) + -2 + -1.
-2
(-4 - (-1 + -5)) + (17 - 11)
8
What is the value of -7 + (-1 + -3 - -17)?
6
What is the value of 5 + (1 - (4 + -3)) + -1?
4
What is (15 - 13) + (0 - (1 + -5))?
6
Evaluate 2 + -3 + (-5 - -3).
-3
Calculate 11 + -9 + -17 - -21.
6
What is 2 - (-4 - (-1 + 1))?
6
(-3 - -1) + 4 - -5 - 2
5
Calculate (-9 - -9) + (-3 + 1 - -6).
4
Calculate 8 + (0 - -4 - 18).
-6
What is 4 + -3 + -1 - 1?
-1
Evaluate -3 + 0 - -3 - -1.
1
0 - (2 + (1 - (2 - 0)))
-1
0 + 5 + 0 - 13
-8
-5 + 7 - (-1 + 8)
-5
What is the value of 0 + -3 - (-10 - -8)?
-1
Evaluate 3 - ((-2 - -1) + 2).
2
-3 + -1 + (8 - -1)
5
(16 - 14) + (0 - 4)
-2
-17 + (-5 - -16) + (3 - -3)
0
What is -7 - (2 - (6 - -1))?
-2
What is -4 + -4 + (3 - -1)?
-4
What is 2 + -1 - (6 - 9)?
4
Calculate (-2 - -10) + -5 + -2.
1
Evaluate (-2 - -7) + -8 + -1.
-4
Evaluate -6 - (0 + (-11 - -2)).
3
What is (1 - 0) + (8 - (-2 + 18))?
-7
What is -6 + 5 + (3 - 4)?
-2
Evaluate -9 - -1 - (56 - 61).
-3
(4 - -1) + (-5 - -5 - 4)
1
What is the value of -4 + 1 + 2 + -6 + 2?
-5
0 + (3 - 4) - -4
3
Evaluate 6 + -4 + -3 + 4 - -2.
5
Calculate 2 - (-5 - -2) - 2.
3
Calculate -63 + 58 - (1 + -10).
4
(46 - 44) + (0 - (-6 + 2))
6
What is -4 - 8 - (-4 + 2)?
-10
Evaluate -7 + 0 - -5 - 3.
-5
Calculate -7 + (1 - -4 - 1).
-3
-2 + 0 + 6 + (-9 - -1)
-4
What is (2 - -3) + -3 + -1?
1
What is the value of (-1 - 2) + -11 + 17?
3
(3 - 1) + (28 - 36)
-6
Calculate 8 + 4 + -8 + (3 - 1).
6
Evaluate (5 - 10 - -3) + 4 - -3.
5
-1 + 0 + -3 + 3 + -1
-2
Evaluate (-5 + 3 - -4) + (0 - 4).
-2
6 + -6 + -4 + (0 - -2)
-2
What is -1 + -1 + 0 + -3?
-5
Calculate (-8 - (-16 - -5) - 15) + 7.
-5
0 + -11 + 5 - (-8 + 3)
-1
-1 - (3 - (-5 + 12))
3
(-8 - -1) + (-7 + -8 - -15)
-7
What is the value of -8 - (6 + -18 + -5)?
9
(-2 - -5) + (2 + -3 - 5)
-3
What is the value of -5 - ((1 - 5) + 1) - 0?
-2
Evaluate -9 - -1 - (-16 - -18) - -5.
-5
1 + -5 + 5 + (-2 - -4)
3
What is the value of (16 - 20) + (-1 - -2)?
-3
What is -1 + 7 + -4 + 2?
4
What is 0 + 1 - (-6 - -9)?
-2
Calculate -3 - -1 - (-14 - (5 - 9)).
8
What is the value of -1 + (7 + -3 + 1 - 6)?
-2
What is the value of 1 + 6 - (-12 - -15)?
4
What is the value of 1 + (-3 + -1 - (1 + -6))?
2
What is the value of -3 - -6 - 12 - 0?
-9
What is the value of (-2 - (1 - 6)) + (-1 - 2)?
0
Evaluate 0 - (2 - 1 - 1).
0
-6 + (-3 + 4 + -3 - -4)
-4
Calculate (-6 - 1 - 1) + -8 + 11.
-5
8 + -6 - 5 - 2
-5
Evaluate (2 - -5) + -5 + -3.
-1
Evaluate -3 - 5 - -4 - -7.
3
Evaluate (-11 - -8 - -3 - -2) + -1.
1
0 + -4 + -1 + 3 + 0
-2
What is 8 + 2 + 0 + (2 - 8)?
4
What is (9 - 6) + (-4 - 1)?
-2
What is 1 + (-3 - -1) + -1 + 1?
-1
-16 - -20 - (-1 + -1 + -5)
11
What is the value of 2 + 2 - (8 + -3)?
-1
Evaluate (-5 + 0 + -3 - -2) + 0.
-6
Evaluate (18 + -10 - 9) + -1 + 4.
2
What is the value of 6 + -6 - (-2 - -5)?
-3
Calculate 7 - (2 + 2 - 0).
3
What is the value of -2 - ((-15 - -1) + 8)?
4
2 - (-4 - (-4 - -2))
4
What is the value of 1 - (-3 - (-9 + 3 - -1))?
-1
Evaluate (-9 - 0 - -9) + -11.
-11
Evaluate 1 - (-5 - 1 - 0).
7
Evaluate 3 - 0 - (-2 - -6).
-1
What is 1 + -1 + 0 + -1 - -2?
1
What is 8 - 1